 1 = j. Suppose -2*i + 1 = k*x - 3, -x + 18 = 5*i. Calculate the remainder when 6 is divided by i.
2
Let i(x) = -x**2 - 9*x + 11. Let d be i(-11). Let h = -5 - d. Calculate the remainder when 195/h + (-3)/2 is divided by 11.
9
Suppose -s - 8 + 0 = -q, 2*s = -8. What is the remainder when 16 is divided by q/(-1)*15/(-10)?
4
Let l(d) = d**2 + d + 19. Let s(t) = -t**2 - t - 19. Let z(i) = 3*l(i) + 2*s(i). What is the remainder when z(0) is divided by 7?
5
Suppose 21 = o + 3*u, -79 = -3*o + 4*u - 5*u. Calculate the remainder when 107 is divided by o.
26
Suppose -109 = -4*i - 9. Let k = i + -15. What is the remainder when 28 is divided by k?
8
Let v = -44 - -52. What is the remainder when 35 is divided by v?
3
Suppose 0 = -t - 4*r + 2*r + 81, 4*t - 324 = 5*r. What is the remainder when t is divided by 23?
12
Let p be -2*(-3 + (1 - -1)). Calculate the remainder when (-7 + 1)*3/(-9) is divided by p/(-3)*3/(-2).
0
Calculate the remainder when (-434)/(-9) - 4/18 is divided by 13.
9
Suppose -5*o + 47 = 3*l + 12, 5*o = -l + 45. Let h be 150/24 - (-1)/(-4). Let w(u) = 6*u - 8. Calculate the remainder when w(h) is divided by o.
8
Let j(w) = 4*w**3 + 5*w**2 - w**3 + 3 - 2*w**3 + w. Calculate the remainder when j(-4) is divided by 9.
6
Suppose 207 = -5*v + 2*w - 0*w, 164 = -4*v + 2*w. Let t = 83 + v. What is the remainder when t is divided by 14?
12
Suppose 24 = 5*y - 66. Suppose 0*q + 2*w - 47 = -3*q, -q = 3*w - y. Calculate the remainder when 27 is divided by q.
12
Let u(o) = 42*o - 1. Let p be u(1). Suppose -p = -4*c + 31. What is the remainder when 71 is divided by c?
17
Suppose 11 = 4*n - 137. Let c(y) = -6*y - 41. What is the remainder when n is divided by c(-9)?
11
Let t = -23 - -30. Let j = 31 - t. What is the remainder when 71 is divided by j?
23
Suppose -4*s - 15 = 5*w, 4*s - 3 - 9 = 4*w. Suppose 2*u + 3*m - 50 = 0, 3*u + s*u = 3*m + 90. What is the remainder when u is divided by 10?
8
Let o = 25 - 14. What is the remainder when 40 is divided by o?
7
Let h(k) = -k**3 - 3*k + 68. Calculate the remainder when h(0) is divided by 14.
12
Let a = 6 - 3. Suppose -a*c + 39 = 3*v - 2*v, -5*v + 13 = c. Suppose -2*l - 40 = -2*g, -4*l + 54 + 34 = 3*g. What is the remainder when g is divided by c?
11
Calculate the remainder when 147 is divided by 1 + -3 - 40/(-1).
33
Suppose -3*t - 2 = -5*t - 2*l, 4*t + 5*l - 3 = 0. Suppose t*y + 3*y - 60 = 0. Let w(u) = 2*u**2 - 2*u - 2. What is the remainder when w(-3) is divided by y?
10
Let q be 2*-1*(1 - 3). What is the remainder when 12 is divided by -5 + 2 + 40/q?
5
Suppose -7 = -2*a + 13. What is the remainder when a is divided by 2/(-8) + ((-275)/(-4))/11?
4
What is the remainder when 78/(-18)*(-3 + 2*-9) is divided by 16?
11
Suppose q - 35 = -4*q. Suppose 160 = q*d - 2*d. Suppose 2*k = 3*o - 55, 2*o - 2*k + 11 - 49 = 0. What is the remainder when d is divided by o?
15
Let r(h) = -3*h - 2 - 1 - 1. Let l = 4 - 8. Calculate the remainder when 22 is divided by r(l).
6
Suppose -x = 3*x + 4*q - 36, -2*x - q + 14 = 0. What is the remainder when 22 is divided by x?
2
Suppose -57 = -4*m + m. Suppose 0 = 3*s + 2*z - 9, s + z = 4*z + 14. Calculate the remainder when m is divided by s.
4
What is the remainder when 879/18 + 3/18 is divided by 13?
10
What is the remainder when (-28)/(-8)*(0 + 22) is divided by 20?
17
Let o = -3 + 6. Let j be 6/(o*4/6). Suppose 6*x - j*x - 93 = 0. What is the remainder when x is divided by 11?
9
Let y = 11 - 11. Suppose -4*k - m + 313 = y, 3*k + 164 = 5*k + 2*m. What is the remainder when k is divided by 20?
17
Let m = 199 + -118. What is the remainder when m is divided by 21?
18
Let b(o) = o + 4. Let c(r) = 6*r + 21. Let l(n) = -11*b(n) + 2*c(n). Calculate the remainder when 3 is divided by l(4).
1
Suppose -5*y + 16 = -4. Suppose 3*j = -j - 3*r + 161, 0 = -y*r - 20. What is the remainder when j is divided by 23?
21
Let q(g) = 2*g**2 + 7*g + 6. Suppose -3*d - 10 = -d. Let m be q(d). What is the remainder when 40 is divided by ((-8)/(-6))/(2/m)?
12
Suppose -p + 21 = 7. Suppose 0 = 3*s - g + 212, -2*s + 0*g - 128 = 2*g. Let z = 122 + s. What is the remainder when z is divided by p?
11
Let l = 119 + -84. Suppose 2*r = -5*j + 2*j + 21, -5*r - 5*j = -50. Calculate the remainder when l is divided by r.
8
Let g be 1/4 + 897/12. Suppose -4*u = -g - 61. What is the remainder when 134 is divided by u?
32
Let j = -19 + 31. Let y be -2 + (0 - (-1 + 1)). Let q = y + 36. What is the remainder when q is divided by j?
10
Let a = -146 - -325. Suppose -2*f + 3 = -a. What is the remainder when f is divided by 23?
22
Let h = -21 + 32. What is the remainder when 332/8 + (-2)/4 is divided by h?
8
Let t(c) = -8*c - 6. Suppose 0 = -3*p + m - 5, -2*m - 6 = 4*p - 2*p. What is the remainder when 28 is divided by t(p)?
8
Suppose -3*m + 4*m = 14. Let s(l) = -l + 2. Let v be s(9). Let i = 12 + v. Calculate the remainder when m is divided by i.
4
Let l = 20 + 60. Suppose 5*g = g + l. Calculate the remainder when g is divided by (-6)/(3 - -3)*(-11)/1.
9
Let m(v) = v**2 + 5*v - 7. Let j be m(-7). Suppose -2*b - 5*q = 17, b - j*q - 24 = -3*q. Calculate the remainder when b is divided by 3.
1
Let o(z) = 2*z**2 - 6*z. What is the remainder when 14 is divided by o(4)?
6
Let x = 10 + -25. What is the remainder when 69 is divided by (-1)/(-5) + (-357)/x?
21
Suppose 0*q = 4*q - 5*k + 4, 2*k = 8. Let u(s) = s + 3. Calculate the remainder when u(8) is divided by q.
3
Suppose n - z - z = 41, 5*z - 250 = -5*n. Let h = 123 - 44. Let m = h - n. Calculate the remainder when m is divided by 11.
10
Suppose 8*j = 3*j + 95. Let m = j - -1. Let k = m + -7. What is the remainder when 38 is divided by k?
12
Suppose 45 = 6*w - 33. Let x = 1 - 2. What is the remainder when 27 + x - (-2 + 3) is divided by w?
12
Let q = -25 + 38. Let w = -29 + 67. What is the remainder when w is divided by q?
12
Suppose 0 = d - 3*d + 38. Suppose 0 = 2*r + 3*j - d - 19, 4*r - 68 = -2*j. Calculate the remainder when 46 - 0*1/2 is divided by r.
14
Let w be (-2)/(-6) + (-148)/(-6). Let z = -4 + w. What is the remainder when z is divided by 12?
9
What is the remainder when 67 is divided by ((-2)/(-3))/(44/1122)?
16
Suppose -17 = -r - 4*l + 6*l, 55 = 3*r - 2*l. What is the remainder when 74 is divided by r?
17
Suppose -5*s = 4*o - 34, s - 2*s - 3*o = 2. Let w = -17 - -35. Suppose 0 = j - 4*j + w. What is the remainder when s is divided by j?
4
Suppose 2*w = 3*w - 3. Calculate the remainder when w is divided by 1.
0
Let j = 90 + -61. What is the remainder when j is divided by 10?
9
Let y be 1/3 + 17/3. Let m(u) = u**2 - 4*u - 6. Suppose 11*c - 27 = 8*c. What is the remainder when c is divided by m(y)?
3
Let c(q) = q**2 + 7*q + 2. Suppose -2*a = 5*h - 61, -3*h = 5*a - 94 - 49. Calculate the remainder when a is divided by c(-8).
8
Suppose 0 = 4*y - 0*y - 4. Suppose -6*f + f = -4*z - 35, -3*f - 2*z = y. What is the remainder when f/((-9)/(-12)) + -1 is divided by 2?
1
Calculate the remainder when 160/24 + 4/(-6) is divided by 5.
1
Let c(x) = 18*x**2 + x. Suppose 2*i + 2 = 3*i. What is the remainder when c(i) is divided by 25?
24
Suppose -68 = -3*w + w. Calculate the remainder when 98 is divided by w.
30
Suppose 12*a - 119 = 5*a. What is the remainder when 67 is divided by a?
16
Suppose -4*r - 48 = -r. Let h = r + 45. Calculate the remainder when h is divided by 15.
14
Suppose 12 = 6*h - 18. Calculate the remainder when 17 is divided by h.
2
Suppose 0*t = -2*t + 24. Calculate the remainder when -10*(28/8)/(-1) is divided by t.
11
Let l(m) = 31*m**2 + 4*m. What is the remainder when l(2) is divided by 28?
20
Let q = -2 + 2. Suppose -4*w - 5 + 181 = q. What is the remainder when w is divided by ((-5)/(-2) - 1)*10?
14
Let l(h) = -55*h - 258. Let w(g) = g**2 - 2*g - 2. Let n be w(-2). Suppose -165 = d - n*d. What is the remainder when d is divided by l(-5)?
16
Let k(b) = -4 + 2*b + 7 - 3*b. Let o(a) = a**3 + 4*a**2 - 8*a - 6. Calculate the remainder when o(-5) is divided by k(-3).
3
Calculate the remainder when 22 is divided by (13 + -1)*10/15*1.
6
Suppose -11 = -l + 94. What is the remainder when l is divided by 18?
15
Suppose -3*z = -2*z - 69. Calculate the remainder when z is divided by 18.
15
Let r(y) = -2*y**2 - 15*y + 7. Suppose -m - 24 = -5*m. Calculate the remainder when r(-